5*g - 33 = 0. What is the highest common factor of l and 152?
19
Suppose 5*l - 3*s - s = 26, -2*s + 32 = 5*l. What is the highest common divisor of 6 and l?
6
Let x(g) = g**2 + 2*g + 30. Let j be x(0). Calculate the greatest common divisor of 6 and j.
6
Let r = 74 + -44. What is the highest common divisor of 10 and r?
10
Suppose 3*x - 112 - 398 = 0. Suppose 2*l = l + 17. Calculate the greatest common divisor of l and x.
17
Let m = 30 + -43. Let h = 31 + m. Calculate the highest common divisor of h and 2.
2
Let n = 358 + -205. Let i = 2 - -5. Suppose 0 = 4*q + x - 73, i*q - 2*q = -x + 90. Calculate the highest common divisor of n and q.
17
Suppose -3*j + 26 = -142. Suppose j = -x + 5*x. What is the highest common divisor of x and 126?
14
Suppose 0 = -4*y - 4*k + 32, -3*k = 5*y - 13 - 33. Let v = -10 + 12. Suppose v*x = 3*x - y. Calculate the highest common factor of x and 55.
11
Let p be 7 - 9 - (-4 - 1). Suppose 0 = l + 2*i - 8, 6*l + 3*i - 30 = p*l. Calculate the greatest common divisor of l and 60.
12
Suppose -2*s + 152 = 2*s. Let a = -22 + s. Let i = 20 + -12. Calculate the highest common factor of a and i.
8
Let y be (-61)/6 - 5/(-30). Let s(x) = -x - 8. Let r be s(y). Suppose 2*h = 20 - r. What is the greatest common factor of 3 and h?
3
Let c = -172 - -257. Let y(t) = -t**3 + 7*t**2 + 4*t + 6. Let r be y(7). What is the highest common factor of c and r?
17
Let c = 465 - 267. Calculate the greatest common factor of 18 and c.
18
Suppose -3*i + 4*l = -2*i + 9, 18 = i + 5*l. Suppose -2*z - 135 = i*z. Let a be z/(-12)*56/3. Calculate the greatest common divisor of a and 28.
14
Suppose -5*r + 4*j = 12, -2*r - 5*j + 15 = -6*r. Suppose 4*t + 12 = 4*w, 4*t = 3*w - r*w - 4. Calculate the greatest common factor of 4 and w.
4
Let d be 4/(-16)*-4 + 43. What is the greatest common divisor of d and 4?
4
Suppose 4*z - 63 - 81 = 0. Suppose 0*g - 2*g = -8. What is the greatest common factor of g and z?
4
Let t = -1 + 5. Let a = 13 - 7. Let q be (-2 + 1)/((-3)/a). What is the highest common divisor of t and q?
2
Let i(d) = d**2 - 10*d + 4. Suppose -7*o + 8*o - 11 = 0. Let h be i(o). What is the highest common factor of 45 and h?
15
Let q be (-356)/(-8) + 6/4. Calculate the highest common factor of 23 and q.
23
Suppose -2*u - 21 = -7*u + y, 0 = 3*u + 5*y - 7. Suppose -u*r = -3*r - 3. Calculate the highest common factor of 24 and r.
3
Let t be ((-14)/(-6) - 0)*3. What is the greatest common divisor of t and 35?
7
Let z(t) = -3*t - 5. Suppose -3*o - 2*g = -10, 3*o + 3*g = 2*g + 11. Suppose o*m - 3*m = -4. Let a be z(m). What is the greatest common divisor of 21 and a?
7
Suppose -4*o = -o - 108. Suppose 195 = 4*y - 149. Let s = -32 + y. What is the highest common factor of s and o?
18
Suppose -6*d - n - 5 = -d, 2*n - 20 = 5*d. Let l = 1 - d. Suppose 3*x - 3 = l. What is the greatest common factor of 2 and x?
2
Suppose 3*r = -0*r + 27. What is the highest common factor of 45 and r?
9
Let d(v) = -5*v + 2. Let m be d(-6). Calculate the highest common factor of m and 256.
32
Let p = 16 + -2. What is the highest common factor of p and 112?
14
Suppose -6 = -5*u + 4. Let f be u - (-1)/(2/(-10)). Let a(w) = -2*w**3 - 5*w**2 - 4*w - 4. Let b be a(f). What is the greatest common factor of 34 and b?
17
Suppose -13 = 3*y - 43. Calculate the greatest common factor of 40 and y.
10
Suppose -3*u - 2*u + 15 = 0. Suppose -u*t - 36 = -w, -4*w + 129 = -3*t + 12. Let j be -2 + -1 + -2 + 14. Calculate the greatest common divisor of j and w.
9
Let d = -2 + 2. Let i(z) = -14*z - 2 + 4 + d. Let l be i(-5). Calculate the greatest common factor of 18 and l.
18
Suppose 3*b + 4*z - 28 = 0, 3*z = -5*b + 6*z + 37. What is the greatest common divisor of 2 and b?
2
Suppose 6*p - 114 = -3*f + p, -5*p + 48 = f. What is the greatest common factor of 3 and f?
3
Let j = -96 + 144. Suppose -5*n = -n - 128. Calculate the highest common factor of n and j.
16
Suppose 5 = -2*a + 7*a. Suppose 2*i + 2 = -2. Let k be 4*(i + (-8)/(-2)). What is the greatest common factor of k and a?
1
Let w(k) = -3*k + 2. Let x(o) = -o + 2*o - 3 + 3*o. Let c(l) = 6*w(l) + 5*x(l). Let s be c(3). Calculate the greatest common divisor of s and 21.
3
Let s(g) = 2*g**2 - 6*g + 4. Let k be s(4). Let x be (1 + 11)*(6 - -2). Calculate the greatest common factor of k and x.
12
Suppose -r + 2 = -v, 2*v = 3*r + 3*v - 18. Calculate the highest common divisor of 5 and r.
5
Let u(m) = -9*m - 4. Let i(q) = 26*q + 13. Let t(j) = -2*i(j) - 7*u(j). Let p be t(3). What is the highest common factor of p and 14?
7
Let p be 5/10 + (-58)/(-4). Let q be 1 - (-2 + 2) - -5. Suppose -5*k + 4*x = -592, -3*x + 474 = 4*k - q*x. Calculate the highest common divisor of k and p.
15
Suppose s = 4*s - 72. Let a be s/18 + (-4)/(-6). Suppose 3*h + 15 = a*f, 5*f = -0*h - 3*h + 69. What is the greatest common divisor of f and 30?
6
Suppose v + 3 = g, g = 4*v - 1 - 2. Let p be (3 - -24) + 2/v. Calculate the highest common factor of p and 112.
28
Let h(q) = q**3 + 2*q**2 - 2*q + 3. Let w be h(-3). Suppose w = v - 6 - 10. What is the greatest common divisor of v and 48?
16
Let n = 13 + -11. Suppose -n*b - 1 = -4*s + 7, 0 = 3*b. What is the greatest common divisor of s and 16?
2
Suppose -5*i - 55 + 370 = 0. What is the highest common factor of i and 9?
9
Suppose f = -5*o + 6*f - 15, f = 2*o + 7. Suppose -g = d - 0 + 18, -2*g + 55 = -5*d. Let p = o - d. Calculate the greatest common factor of 6 and p.
3
Let f(w) = w - 1. Let m be f(3). Suppose 19 = m*b + 5. Suppose -b - 3 = -2*j. Calculate the greatest common divisor of 35 and j.
5
Let q be 273 - ((-6)/(-3))/(-1). What is the highest common divisor of 25 and q?
25
Let i(c) = 4*c - 11*c - 3*c - 21*c. Let l be i(-1). Calculate the highest common divisor of l and 217.
31
Let c(k) = -43*k**3 + 2*k**2 + 2*k + 1. Let l be c(-1). Suppose t - 14 = 2*w - 0*w, -4*w + l = t. What is the greatest common factor of 3 and t?
3
Let y be 1 - (4 - 224)/5. Calculate the greatest common factor of 30 and y.
15
Let k be (-1 - 1)*(-1)/2. What is the highest common divisor of k and 7?
1
Let f = -8 - -13. Let b(w) = w**2 - 6*w + 7. Let v be b(f). Calculate the greatest common divisor of v and 1.
1
Let d = -31 + 37. Calculate the highest common divisor of d and 18.
6
Let v = -4 - -8. Suppose -v*z - 4 = -5*z. Let f(t) = t**3 - 4*t**2 + 4*t. Let c be f(z). Calculate the highest common factor of c and 8.
8
Let a be (-36)/21*1*-7. Let q = -6 + a. Calculate the greatest common factor of 6 and q.
6
Let o(m) be the first derivative of m**3/3 + 2. Let b be o(2). Suppose 118 - 10 = b*z. Calculate the greatest common divisor of 18 and z.
9
Let v be 5/(-1)*21/(-5). Suppose -3*a - 3*k + 1 + 5 = 0, 3*k + 9 = 2*a. What is the highest common factor of a and v?
3
Suppose 5*q = -5*a + q - 145, 58 = -2*a - q. Let r = -11 - a. Calculate the greatest common factor of 18 and r.
18
Suppose -l + 0*l = -60. What is the greatest common divisor of 40 and l?
20
Let c(u) = 1 + u**2 - 3*u**2 - 4*u**2. Let s be c(1). Let i = s - -15. Calculate the greatest common divisor of i and 50.
10
Let w(g) = -2*g**3 - 3*g**2 + g + 4. Let v be w(-2). What is the highest common factor of 6 and v?
6
Suppose 4*p - 15 = -p. What is the greatest common divisor of 27 and p?
3
Suppose -p = -4*v + 192, 0 = -3*v + v + 2*p + 96. Suppose w - 18 = -t, 4*w + 5 + 3 = t. What is the greatest common factor of v and t?
16
Suppose 5*z - 380 + 40 = 0. Let x = z - 40. Let r = -4 + 8. What is the highest common factor of x and r?
4
Let i = -5 + 12. Suppose -5*g = -113 - i. What is the greatest common divisor of g and 16?
8
Let j(y) = -2*y + 24. Let x be j(0). What is the greatest common factor of x and 216?
24
Let n be 172/6*3 - 2. Let s be 290/14 - 10/(-35). What is the greatest common factor of n and s?
21
Suppose 23 = 3*c - 73. Let b be (-9)/(-4) + 10/(-40). Suppose -b*g - 24 = -5*g. What is the highest common divisor of c and g?
8
Let z be (-76)/(-6)*18/12. Calculate the highest common divisor of z and 171.
19
Let m(g) = 2*g**2 - 5*g**2 + 2 - g**3 + 3*g**2 - g. Let c be m(0). What is the greatest common divisor of 14 and c?
2
Let q be 17 - (5 + (-6 - 1)). Calculate the greatest common factor of q and 95.
19
Let w = 23 - 12. Let s = -6 + w. What is the highest common divisor of 25 and s?
5
Let w